 t = -122 - 52. Let i be (t/(-145))/((-6)/(-252940)). Is 2/7 + i/28 composite?
True
Suppose 2*d + k + 3*k - 36 = 0, 0 = -3*d + k + 19. Let w(s) = 2742*s - 289. Is w(d) composite?
False
Is (961862/(-33))/(-6 + 48/9) a prime number?
True
Let i = 244833 + -107804. Is i a composite number?
False
Let w = 141 - 334. Let k = w + 112. Let i = -70 - k. Is i composite?
False
Let d(o) = -1 + 0 + 6 + 17*o**2 + 105*o**2. Is d(-6) composite?
False
Let g(d) = 2041*d + 60. Is g(1) a composite number?
True
Let c(y) = 14*y**3 + 36*y**2 - 26*y + 9. Let q be c(14). Suppose q = 4*u + 5*r - 0*r, 56395 = 5*u + 5*r. Is u a composite number?
True
Let g(q) = 23*q**2 + 51*q + 57. Let p be g(-20). Suppose -7*m + 12336 = -p. Is m a prime number?
True
Let s be 8/12*(1 - 328). Let w = 1325 - s. Is w composite?
False
Suppose 3*u - 12109 = j, 0 = -2*u + 4*j + 87 + 7979. Is u a composite number?
True
Let y = 750253 + -290790. Is y a prime number?
True
Let y = 4611344 - 2362647. Is y composite?
True
Suppose -3*o = 5*l - 3276 - 3950, -5778 = -4*l - o. Let p = l + 449. Let b = p + -824. Is b prime?
True
Suppose 3*q + 2*n + 2*n = 92759, 0 = -3*q + n + 92734. Suppose -9*g = -q + 11464. Is g composite?
False
Suppose 16*p - 20*p - 4*w = 592, w = -4*p - 580. Is (p/(-63))/(-16) + 2864/7 a composite number?
False
Let a(q) = q - 6. Let s be a(-1). Is 2317/84*-2*(s + 1) prime?
True
Let r(q) = q**3 + 8*q**2 + 6*q + 5. Let n be r(-7). Suppose 0 = 44*s - 47*s + n. Suppose 5202 = 2*b - s*o, 6*b - 5*o + 10456 = 10*b. Is b prime?
True
Suppose 0 = 2*l + 3*b - 3, -l + 3*b = -6*l + 3. Suppose 30*s - 28*s - 674 = l. Suppose 139*i = 138*i + s. Is i prime?
True
Let a(j) = 41149*j**2 + 179*j - 523. Is a(3) prime?
False
Let d = 363 + -365. Is (-3931 + -12)*(-3 - d) composite?
False
Let n(g) = 8*g - 3. Let t be n(1). Suppose 0 = j - 2*b - 5, 3*j - 2*b = -t + 20. Suppose -m + 0*z + 1063 = -2*z, j*m = -3*z + 5302. Is m a prime number?
True
Let z(b) be the second derivative of 171*b**4 + b**3/6 + b**2 + 206*b. Is z(-1) a prime number?
True
Suppose 8*z - 5*z - 21 = 0. Is 0 + (-4)/z - 716121/(-147) composite?
False
Suppose 2*f - 7*f + 16 = -2*c, 19 = 2*f - 5*c. Let w = f + 3. Suppose -q - q - 295 = -w*h, h - 37 = -4*q. Is h a composite number?
True
Let o(t) be the third derivative of -1153*t**4/24 - t**3/3 + 16*t**2. Let d(a) = 1153*a + 2. Let y(x) = -5*d(x) - 4*o(x). Is y(-1) a prime number?
True
Suppose -5*b = -4*s + 20 - 47, 5*s + 5*b = 0. Let x be -2*(2 - (45/6 + s)). Suppose -5*p + x*d + 2425 = 0, -4*p + 0*d = 4*d - 1956. Is p composite?
False
Let t = -30 - -33. Suppose 0 = -t*c + 9 + 6. Suppose -3*w + 2389 = 4*d, 7 = -d + c. Is w composite?
True
Let n(q) be the first derivative of 3*q**7/70 - q**6/360 + q**5/40 + q**4/24 + 3*q**3 + 13. Let o(h) be the third derivative of n(h). Is o(2) prime?
False
Suppose 0 = -26*b + 46*b - 6520. Let m = b + -257. Is m prime?
False
Let x = -16 - -18. Let b(j) = j + 1. Let a(l) = -170*l**2 - 2*l - 5. Let r(w) = x*b(w) - a(w). Is r(-2) prime?
False
Let j(y) = -3*y + 5. Let p be j(0). Suppose -2 = 4*d - 6, 2 = b + p*d. Is (117/(-6))/b*4 composite?
True
Let q be (16/12)/(4/6). Suppose 2*m - 4*k + 1 = -m, 14 = q*m + k. Suppose -m*p + 155 + 20 = 0. Is p a prime number?
False
Let d = 22639 + -10052. Is d a composite number?
True
Suppose v = l + 15, v = -0*v - 3*l + 15. Suppose v = 8*c - 1. Is (-2)/c*(-275 - 2) prime?
True
Suppose -5736 = d - 28548. Suppose 0 = -2*b + c + 15213, 3*b = 6*b - 3*c - d. Is b a prime number?
False
Let v = 1378 - -95. Suppose j - v = 1774. Is j composite?
True
Suppose 2*v - 500274 = -4*n, 4*n + 500322 = 24*v - 22*v. Is v a prime number?
False
Let h(z) be the second derivative of -11/2*z**2 + 0 - 7*z + 35/3*z**3. Is h(6) composite?
False
Suppose -m + 2*m - 6 = 0. Let h be (-9075)/(-20) - m/8. Suppose -2*i = x - 0*i - 87, -i = 5*x - h. Is x a prime number?
False
Let i(k) = -4*k**3 - k**2 + 13*k + 61. Let y be (-2576)/336 - 8/(-6)*-1. Is i(y) prime?
False
Let s(m) = 117*m**2 + 1038*m - 94. Is s(-119) composite?
False
Let u = 643 + -248. Suppose -u + 6089 = 6*f. Is f a prime number?
False
Let g = 515566 + -298205. Is g composite?
False
Let d(h) = -2570*h**2 - 2*h + 1. Let j be d(1). Let m = -3940 - j. Let o = -326 - m. Is o composite?
True
Suppose 15*p - 12*p - 5*i - 28233 = 0, -4*i = 0. Suppose p = 521*k - 518*k. Is k composite?
False
Let a = -21657 + 31624. Is a a composite number?
False
Let p = -55 + 43. Let q be ((-2)/8*4)/((-1)/p). Let i(u) = u**2 - 3*u - 23. Is i(q) composite?
False
Let z(m) = -3803*m - 1835. Is z(-24) prime?
False
Let z = -2676 - -4634. Let v be (-4)/30 + z/(-165). Is (209 + 3)*(-3)/v a prime number?
True
Let k = 4 - 1. Suppose k*a + 4*c + 3 = -10, 2*c + 2 = 0. Is 637 + -8 + (-6)/(0 + a) a prime number?
True
Let s be -20*(308/10 + 2). Let p = s + 1063. Is p prime?
False
Let v(c) = 995*c + 8. Suppose 5*m - 4*x - 33 = -1, -3*m + 3*x = -21. Let b be v(m). Suppose 0 = -4*d - 0*d + b. Is d a prime number?
True
Let s(o) = -22*o**3 - 7*o**2 + 32*o - 3. Let w(u) = -113*u**3 - 34*u**2 + 159*u - 16. Let r(b) = -11*s(b) + 2*w(b). Is r(10) composite?
False
Let y(a) = -a**3 + 6*a**2 - 15. Let c be y(5). Suppose -12332 = -c*p - 702. Is p a composite number?
False
Suppose -3*w = -6*w + 3*r + 36, 3*r - 12 = 0. Suppose -w*f = -11*f - 13025. Is f prime?
False
Let f = 27 - 29. Let h(r) = 8*r**2 + 3*r + 1. Let y be h(f). Let l = 30 - y. Is l composite?
False
Let q(g) = 2*g**3 + 33*g**2 - 127*g + 195. Is q(97) a composite number?
True
Suppose 0 = -3*m - 12, 6*g = 9*g + 3*m - 104067. Is g a prime number?
True
Let k = -106 + 113. Let g(l) = 60*l**3 - 7*l**2 - 7*l + 5. Let f be g(k). Is (-1 - 1)/(3 + f/(-6729)) a composite number?
False
Let k = -15220 + 83779. Is k composite?
True
Let u(c) = 3282*c**2 - 102*c - 409. Is u(-9) prime?
True
Is (-11502084)/(-176) + 4/16 a prime number?
True
Suppose 0 = 2*a + 2*a + 12. Let c be (-2)/2 + 0 - a. Suppose 5*i = -c*i + 5971. Is i composite?
False
Let k(j) = 2*j**3 - j**2 - j + 36. Let n be k(0). Is 126058/18 + -10 + 352/n a composite number?
True
Suppose 445 = 4*c - 6421 - 590. Suppose -5*a + 1082 = -818. Suppose 5*y = -3*o + c, -y + a + 238 = o. Is o a composite number?
False
Suppose -4*s = 2*g - 43126, 4*s = -5*g + 8*g - 64669. Is g a composite number?
False
Suppose 0 = 3*i - 6*i + 12. Suppose -5*d = 3*o - 9579, -12772 = -i*o + 3*d + 2*d. Suppose -o - 3072 = -7*v. Is v composite?
True
Let b(g) = -2*g + 23. Suppose 13*f + 79 + 12 = 0. Let q(c) = 5*c - 70. Let m(t) = f*b(t) - 2*q(t). Is m(6) a prime number?
True
Let r = 135 + -136. Let m be 539*r*(10 - 9)*-1. Suppose 0 = 3*q - m - 178. Is q a prime number?
True
Let b(c) = -217*c**3 + 20*c**2 - 19*c + 35. Let r be b(17). Is 4/6*r/(-82) a composite number?
False
Let b be 7 - (4 + -4 + -5). Suppose 3452 = b*j - 8*j. Is j composite?
False
Suppose -5*y + 2 = -13. Suppose -9 = 5*t - 2*p, -3 = t - y*p + 4. Is (-342)/(12/(-2)) - (-1 - t) a prime number?
False
Let l = -952 + 348. Let j = 69 - l. Is j composite?
False
Let f = 361978 - 144261. Is f composite?
False
Let l be (-1 - -1) + (588 - 2). Suppose -4*o - 16 = 5*y - 45, 0 = -3*o + 5*y + 13. Suppose o*f - 536 - l = 0. Is f a composite number?
True
Let o be (-3 - -2) + 2 - (-21)/7. Suppose -3*z = 2*z - 3*c - 20789, o*z + 5*c - 16646 = 0. Is z a prime number?
True
Let o = 1186100 + -184941. Is o composite?
False
Let t = -3350 - -101187. Is t prime?
False
Let d be (279/(-36) - -8) + (-38098)/8. Let q = 3589 - d. Is q composite?
True
Let o be (1/6)/((-5)/1630)*-33. Suppose -c = 2, -4*c + 6*c = 5*z - 3394. Let v = o - z. Is v composite?
True
Let q = 5604 + 33980. Suppose -n = -4*u + 55441, -2*u - 5*n + q = 11891. Is u composite?
False
Let z(k) = 5*k**3 + 2*k**2 - 9*k - 2. Let j(b) = -6*b**3 - 2*b**2 + 10*b + 3. Let x(d) = -d + 10. Let h be x(4). Let i(u) = h*j(u) + 7*z(u). Is i(-3) prime?
False
Let s = -265 + 264. Is ((8/24)/(4/(-16332)))/s prime?
True
Suppose -o = -p + 44356, 23*o = 4*p + 21*o - 177414. Is p composite?
False
Suppose -21*z - 28260 = -12*z. Let g = z + 11269. Is g a composite number?
True
Let o be (15 - 16)*(-42)/(-2). Let j = -18 - o. Suppose -j*f + 1119 - 6 = 0. Is f a prime number?
False
Let c(n) = -n**3 - n**2 - 2*n + 1. Let v(m) = -39*m**3 - 2*m**2 - 16*m - 47. Let a(r) = 4*c(r) - v(r). Is a(7) a co